et s be w(i). Let g be (-16)/((-1)/(-1)*-1). Calculate the highest common factor of s and g.
8
Suppose -13 = -3*n - 0*n - 5*b, 4*n + 3*b + 1 = 0. Let x = 6 + n. Suppose -3*s = 4*z - 43, -x*s - z + 3 = -34. What is the greatest common factor of s and 7?
7
Let l(s) = s**2 + 7*s - 4. Let x be l(-8). Suppose -128 + 13 = -5*c. Let a = -22 + c. What is the greatest common divisor of a and x?
1
Let d(x) = 3*x**3 - x**2. Let n be d(1). Let i be ((-2)/n - -4)/((-21)/(-98)). Calculate the greatest common divisor of 4 and i.
2
Let l(w) = 2*w**2 - 2*w + 1. Let p be l(2). Suppose -f - 17 = -p*z, -4*f = -6 - 6. Suppose z*y - 6*y = -8. Calculate the greatest common divisor of 4 and y.
4
Let c = -25 + 23. Let t(d) = 7*d**2 + 2*d + 2. Let r be t(c). What is the greatest common divisor of r and 117?
13
Suppose -122*g = -117*g - 2035. Calculate the highest common factor of g and 44.
11
Suppose -1386 = -11*g + 5*g. What is the highest common divisor of 33 and g?
33
Suppose -504 = -87*j + 79*j. Calculate the greatest common factor of 45 and j.
9
Let j be 1/(-4) + 27/12. Suppose 2*k + 108 = -0*t + j*t, 0 = 5*t + 5*k - 300. Calculate the greatest common divisor of 19 and t.
19
Suppose -h = 4*l + 2*h - 1078, h = 4*l - 1086. Suppose 0 = 4*p - 17 - l. Suppose -5*m + 32 = -m. Calculate the greatest common factor of p and m.
8
Let r(d) = d**2 - 8*d - 84. Let t be r(20). Calculate the greatest common divisor of t and 12.
12
Let t = -209 - -149. Let o = t - -98. Let k = o - 28. Calculate the highest common divisor of 90 and k.
10
Let u = -18 - -20. Suppose 0 = 3*r - u*r - 4*i - 10, 3*i + 30 = 3*r. What is the greatest common factor of 40 and r?
10
Suppose -3*o = -4*o. Let u be o + 2 + (-18 - -14). Let w be ((-48)/(-15))/u*-10. Calculate the greatest common factor of 8 and w.
8
Suppose -2648 = -26*u + 3202. Calculate the highest common factor of 30 and u.
15
Let h be 0 + 1 + ((-999)/(-9) - -5). Calculate the highest common divisor of 18 and h.
9
Let j = -509 - -351. Let d = j + 242. Let f be (-20)/(-6)*d/5. What is the highest common factor of 84 and f?
28
Let o(h) = -h**3 - 73*h**2 + 11*h + 841. Let f be o(-73). Suppose 390 = 4*k - 5*z, 2*z = -k - 0*z + 91. What is the highest common divisor of f and k?
19
Let b = 70 - 35. Let y = b + -23. What is the greatest common factor of 2 and y?
2
Let m be -6*1/(-3) + -1. Suppose -k - 18 - 29 = -4*w, 2*w = 5*k + m. What is the greatest common divisor of w and 117?
13
Let h be (89 - 11 - 10)/4. What is the greatest common divisor of h and 1241?
17
Let z(f) = -419*f - 302. Let o be z(-6). What is the highest common factor of o and 28?
28
Let d = -525 - -882. What is the highest common factor of d and 42?
21
Let a be (-622650)/(-245) + (-8)/(-14). What is the highest common factor of a and 62?
62
Let p be 3 + 3 + (0 - -10). What is the highest common factor of p and 1792?
16
Suppose -2*a - 108 = -0*a. Let z be (-6)/a - 26/(-9). Calculate the highest common factor of z and 24.
3
Let x = -469 + 583. What is the greatest common divisor of 171 and x?
57
Suppose z - f = 5 + 12, -3*z - f + 51 = 0. Let s(j) = j**2 - 53*j + 201. Let b be s(50). Calculate the highest common divisor of z and b.
17
Suppose -4*j - 30 = 5*s - 5, 4*s + 20 = -3*j. Suppose 4*n - 964 = -j*n. Suppose -1 = 4*d - n. Calculate the greatest common factor of 15 and d.
15
Let t = -1035 + 1051. What is the highest common factor of 26 and t?
2
Let p(i) = i**3 - 7*i**2 + 2*i - 9. Let a be p(7). Suppose -14 = -a*w + 11. Let u = w + 5. What is the highest common factor of 25 and u?
5
Suppose -j = 5*i - 12, j + i + 9 = -3*j. Let v be (1 + j)/(3/(-108)). What is the highest common factor of v and 24?
24
Let h be ((-146)/292)/(2/(-1120)). What is the greatest common divisor of 70 and h?
70
Suppose -20 = -v - 4*v. Let w be v/(-5) + 116/20. Suppose i = 2*g - 13, 2*i = w*g - 33 + 3. What is the highest common factor of 6 and g?
2
Suppose -3*g + 1969 = o + 491, -4*o + 3*g = -5837. What is the greatest common divisor of 77 and o?
77
Let d = 1625 - 1619. Suppose 0 = -4*c, 2*c - 36 = -3*l - 2*c. Calculate the highest common factor of l and d.
6
Let m(o) = -o**3 - 7*o**2 - o - 6. Let w be m(-7). Let z be -3 + 4 + w + 37. Calculate the greatest common factor of z and 39.
39
Suppose 0 = -8*q - 5*h + 37, -3*q + 2*h + 6 = -q. What is the greatest common divisor of q and 116?
4
Suppose 3*b = 27 + 1017. Let o be (12/4)/(1 - 339/b). Calculate the highest common factor of o and 29.
29
Let i be (4 - 8)*9/(-12). Suppose 60 = n + i*n. Calculate the highest common divisor of n and 105.
15
Let v(n) = 18*n + 14 - 3*n**3 + 16*n**2 + 2*n**3 + 2*n. Let d be v(17). Calculate the greatest common factor of d and 26.
13
Let h = -4 - -6. Suppose 0 = h*b - 3*b + 4*l + 50, -4*b + 2*l + 144 = 0. Let f = b + -15. What is the greatest common divisor of f and 19?
19
Let j = 135 - 121. What is the highest common factor of 826 and j?
14
Let d = 13 - 8. Suppose k = d*k - 4. Let h be ((-1)/(-2) + k)*26. Calculate the highest common divisor of h and 13.
13
Let w(k) = -k**2 + 27*k - 80. Let d be w(4). What is the greatest common divisor of d and 132?
12
Suppose 0*k + 95 = 5*k. Let v(r) = -6*r**3 - 4*r**2 - r + 4. Let h be v(-3). Calculate the greatest common divisor of k and h.
19
Let g be 5 + -4 + 143 + -10. What is the greatest common factor of g and 2?
2
Let i be 2/(1589/315 + -5). What is the greatest common factor of i and 30?
15
Suppose 341 = 3*h + 5*i, -4*i = -10*h + 12*h - 226. Suppose -36 = 3*z - 7*z. What is the greatest common factor of h and z?
9
Let d(h) = h**2 + 12*h - 44. Let s(t) = 3*t - 16. Let n be s(0). Let f be d(n). What is the greatest common factor of f and 8?
4
Let t = -69 - 19. Let m = -67 - t. Calculate the highest common divisor of 105 and m.
21
Suppose -5*j + 3*y + 5 = 0, 0*y + 1 = j + y. Let o be 3 + 8/(-4) + 14. Let h be (2 - (-2 - 0))*o/12. Calculate the greatest common divisor of j and h.
1
Let q = 15 - 18. Let m = 8 + q. Let w be 264/20 + (-1)/m. What is the greatest common divisor of w and 26?
13
Let d be (-14 - -18) + (-1 - 16). Let t(i) = -i**2 - 16*i - 19. Let h be t(d). What is the greatest common factor of 80 and h?
20
Let l = -58 + 73. Suppose 0*j = -j + 1, l = 2*i + 3*j. Calculate the greatest common divisor of 3 and i.
3
Suppose 2*c = -0*c + 28. Suppose 0 = -3*g + 335 - 125. What is the greatest common factor of c and g?
14
Suppose -34*w + 11076 = 2576. What is the highest common divisor of w and 75?
25
Let p be ((-16)/(-10))/((-6)/(-15)). Let k(b) = -b**2 + 5*b - 2. Let q be k(p). Let l be (11/(-2))/((-1)/q). What is the highest common factor of 121 and l?
11
Let b(s) = s**3 + 3*s**2 + s + 2. Let f be b(-6). Let t be (-11)/(-33) + f/(-6). Calculate the greatest common divisor of 190 and t.
19
Let p = -112 - -160. Suppose -o + 6 = -0*o. What is the highest common divisor of o and p?
6
Let k be (-14)/(-6) + 2/3. Suppose 6*a - k*a = 15. Suppose 76 + a = 3*v. Calculate the highest common divisor of v and 297.
27
Let g(y) = -y**2 - y + 1. Let j be (-2)/(-1)*(-2)/4. Let q be g(j). Calculate the highest common factor of q and 4.
1
Let m be -4 - -40 - (2 + -1). Let g be (4 - 1)/((45/(-35))/(-3)). Calculate the highest common divisor of m and g.
7
Let x be 64/28 - (-2 + (-32)/(-14)). Let g = 20 - 14. Suppose 4*u = x + g. What is the highest common factor of u and 14?
2
Let w(a) = 4 - 4*a**2 + 29*a - a**3 - 29*a. Let s be w(-4). Suppose -2*y + 5*j = -25, -3*y + 4*j + 34 = -0*j. Calculate the greatest common divisor of y and s.
2
Suppose 5*p - 4 = 16. Suppose p*h + 0*h - 84 = -x, -4*h + 96 = 4*x. Let o be 9*2/(-12)*-20. Calculate the highest common factor of o and h.
10
Let k = 72 - 68. Suppose 0 = -4*c - 3*b + 567, -k*c + 4*b + 588 = -0*b. Calculate the greatest common factor of c and 18.
18
Suppose 33 = m - 0. Let b be ((-12)/14)/(168/(-588)). Suppose w - m = -b. Calculate the highest common factor of 150 and w.
30
Let f(b) = -3*b + 3*b - 5*b + 4*b + 33. Let d be f(15). What is the highest common divisor of d and 90?
18
Let t = -56 + 95. Suppose 6*j - 15 = 7*j. Let p = j + t. What is the highest common divisor of 16 and p?
8
Let d = -14 - -14. Let p be (-3 - d)*20/(-12). Suppose 817 = 5*i + 4*x, 3*x + 827 = p*i + 2*x. What is the greatest common factor of 15 and i?
15
Let b be ((-6)/9)/